



{"id":2,"date":"2015-07-01T21:56:51","date_gmt":"2015-07-01T21:56:51","guid":{"rendered":"http:\/\/arthurboisson.fr\/?page_id=2"},"modified":"2024-01-22T09:15:40","modified_gmt":"2024-01-22T09:15:40","slug":"reglement","status":"publish","type":"page","link":"https:\/\/labo-emc.org\/reservation\/reglement\/","title":{"rendered":"Charte des exp\u00e9rimentations au laboratoire EMC"},"content":{"rendered":"\n<p>La pr\u00e9sente charte des exp\u00e9rimentations au laboratoire EMC pr\u00e9cise les modalit\u00e9s d\u2019exp\u00e9rimentation, de r\u00e9servation et d\u2019utilisation des salles et du mat\u00e9riel d\u2019exp\u00e9rimentation au sein du laboratoire EMC. En cas de probl\u00e8me ou de question, n\u2019h\u00e9sitez pas \u00e0 demander des compl\u00e9ments d\u2019information par courriel \u00e0 l\u2019adresse suivante : <a href=\"mailto:emc.sallesxp@univ-lyon2.fr\">emc.sallesxp@univ-lyon2.fr<\/a>.<\/p>\n<section id=\"salles-exp\u00e9rimentation\" class=\"level2\">\n<h2 class=\"anchored\" data-anchor-id=\"salles-exp\u00e9rimentation\">1. Salles exp\u00e9rimentation<\/h2>\n<ul>\n<li>Le laboratoire EMC dispose de 8 salles d\u2019exp\u00e9rimentation pouvant \u00eatre r\u00e9serv\u00e9es : elles sont situ\u00e9es au batiment C (C17i, C17j, C17k, c17l, c17m, c17o, c17d, c17c).<\/li>\n<li>Ces salles d\u2019exp\u00e9rimentation peuvent \u00eatre r\u00e9serv\u00e9es par l\u2019ensemble des membres du laboratoire (titulaires, doctorants, ATER, post-doctorants, ing\u00e9nieurs d\u2019\u00e9tude, \u00e9m\u00e9rites) et par les \u00e9tudiants de Master 1 et Master 2 des mentions Psychologie et Sciences Cognitives si leur responsable de m\u00e9moire est un membre de l\u2019EMC.<\/li>\n<li>Les autres salles d\u2019exp\u00e9rimentation sont des plateformes techniques qui peuvent \u00eatre r\u00e9serv\u00e9es uniquement par les membres du laboratoire EMC. Elles ne peuvent pas \u00eatre r\u00e9serv\u00e9es par les \u00e9tudiants de Master.<\/li>\n<\/ul>\n<\/section>\n<section id=\"r\u00e9servation-des-salles-dexp\u00e9rimentation\" class=\"level2\">\n<h2 class=\"anchored\" data-anchor-id=\"r\u00e9servation-des-salles-dexp\u00e9rimentation\">2. R\u00e9servation des salles d\u2019exp\u00e9rimentation<\/h2>\n<ul>\n<li>La r\u00e9servation des salles d\u2019exp\u00e9rimentation passe par le site web d\u00e9di\u00e9 \u00e0 cet effet : <a href=\"https:\/\/labo-emc.org\/\">https:\/\/labo-emc.org\/<\/a>.<\/li>\n<li>La r\u00e9servation d\u2019une salle d\u2019exp\u00e9rimentation :\n<ul>\n<li>couvre une p\u00e9riode d\u2019un mois maximum \u00e0 compter de la date de la demande,<\/li>\n<li>ne peut exc\u00e9der 16h ou 4 demi-journ\u00e9es par semaine.<\/li>\n<\/ul><\/li>\n<li>Les disponibilit\u00e9s des salles d\u2019exp\u00e9rimentation sont indiqu\u00e9es dans des calendriers mis \u00e0 jour en temps r\u00e9el sur le site.<\/li>\n<li>En cas d\u2019emp\u00eachement, il est absolument imp\u00e9ratif de supprimer votre r\u00e9servation pour rendre la salle disponible.<\/li>\n<li>Les salles d\u2019exp\u00e9rimentation peuvent \u00eatre r\u00e9serv\u00e9es de 8h \u00e0 18h. Les passations sont autoris\u00e9es entre 12h et 14h.<\/li>\n<\/ul>\n<\/section>\n<section id=\"s\u00e9curit\u00e9-ouverture-des-salles-dexp\u00e9rimentation\" class=\"level2\">\n<h2 class=\"anchored\" data-anchor-id=\"s\u00e9curit\u00e9-ouverture-des-salles-dexp\u00e9rimentation\">3. S\u00e9curit\u00e9, ouverture des salles d\u2019exp\u00e9rimentation<\/h2>\n<ul>\n<li>Chaque salle exp\u00e9rimentale doit rester ferm\u00e9e \u00e0 cl\u00e9 lorsqu\u2019elle n\u2019est pas utilis\u00e9e.<\/li>\n<li>Les cl\u00e9s des salles d\u2019exp\u00e9rimentation sont disponibles en K18 dans une bo\u00eete \u00e0 cl\u00e9s pr\u00e9vue \u00e0 cet effet.<\/li>\n<li>\u00c0 chaque emprunt de cl\u00e9, le registre des cl\u00e9s de la semaine en cours, affich\u00e9 \u00e0 c\u00f4t\u00e9 de la bo\u00eete \u00e0 cl\u00e9s, doit \u00eatre rempli en indiquant lisiblement votre NOM dans la case appropri\u00e9e.<\/li>\n<li>La cl\u00e9 doit \u00eatre remise \u00e0 sa place \u00e0 la fin de votre r\u00e9servation de la journ\u00e9e. Vous devez indiquer que vous avez d\u00e9pos\u00e9 la clef en soulignant votre NOM.<\/li>\n<li>Veuillez pr\u00e9voir dans votre cr\u00e9neau de r\u00e9servation le temps n\u00e9cessaire pour r\u00e9cup\u00e9rer la cl\u00e9 et la remettre \u00e0 sa place \u00e0 la fin de votre r\u00e9servation.<\/li>\n<li>Vous \u00eates responsable de la cl\u00e9 de la salle que vous avez r\u00e9serv\u00e9e.<\/li>\n<li>Il est absolument interdit de conserver la cl\u00e9 sur vous, m\u00eame si vous utilisez la m\u00eame salle d\u2019exp\u00e9rimentation le lendemain.<\/li>\n<\/ul>\n<\/section>\n<section id=\"mat\u00e9riel-exp\u00e9rimental\" class=\"level2\">\n<h2 class=\"anchored\" data-anchor-id=\"mat\u00e9riel-exp\u00e9rimental\">4. Mat\u00e9riel exp\u00e9rimental<\/h2>\n<ul>\n<li>Vous \u00eates responsable du mat\u00e9riel de la salle exp\u00e9rimentale que vous occupez, m\u00eame dans le cas o\u00f9 vous ne faites pas usage de ce mat\u00e9riel. En cas de probl\u00e8me, contactez imm\u00e9diatement votre responsable.<\/li>\n<li>Le mat\u00e9riel affect\u00e9 \u00e0 une salle, y compris les tables et chaises, ne peut pas \u00eatre d\u00e9plac\u00e9 sans autorisation pr\u00e9alable transmise \u00e0 <a href=\"mailto:emc.sallesxp@univ-lyon2.fr\">emc.sallesxp@univ-lyon2.fr<\/a>.<\/li>\n<li>Les claviers et ordinateurs sont attribu\u00e9s de fa\u00e7on sp\u00e9cifique \u00e0 chacune des salles exp\u00e9rimentales et num\u00e9rot\u00e9s. Il n\u2019est donc pas possible de s\u00e9parer un clavier ou une souris de son ordinateur ou encore de d\u00e9placer l\u2019ordinateur hors de sa salle et encore moins de sectionner les attaches qui les relient aux ordinateurs.<\/li>\n<li>En cas de probl\u00e8me mat\u00e9riel, faites remonter l\u2019information \u00e0 <a href=\"mailto:emc.sallesxp@univ-lyon2.fr\">emc.sallesxp@univ-lyon2.fr<\/a>.<\/li>\n<li>\u00c0 l\u2019issue de votre exp\u00e9rience, veillez \u00e0 laisser la salle exp\u00e9rimentale propre et rang\u00e9e.<\/li>\n<li>Les dispositifs utilis\u00e9s doivent \u00eatre d\u00e9mont\u00e9s (mentonni\u00e8res, etc.) et lav\u00e9s.<\/li>\n<li>Les claviers doivent \u00eatre nettoy\u00e9s (il est interdit d\u2019\u00e9crire sur les claviers).<\/li>\n<li>Toutes les \u00e9tiquettes ou gommettes doivent \u00eatre retir\u00e9es.<\/li>\n<li>Veillez \u00e0 ce que les participants ne d\u00e9gradent pas le mat\u00e9riel exp\u00e9rimental utilis\u00e9.<\/li>\n<\/ul>\n<\/section>\n<section id=\"pr\u00e9cautions-particuli\u00e8res\" class=\"level2\">\n<h2 class=\"anchored\" data-anchor-id=\"pr\u00e9cautions-particuli\u00e8res\">5. Pr\u00e9cautions particuli\u00e8res<\/h2>\n<ul>\n<li>Du gel hydroalcoolique, des lingettes d\u00e9sinfectantes, du film alimentaire pour la protection des claviers ou des mentonni\u00e8res et du papier essuie-tout sont disponibles dans toutes les salles d\u2019exp\u00e9rimentation.<\/li>\n<li>Il est interdit d\u2019emporter de la nourriture ou des boissons dans les salles.<\/li>\n<li>Toute prise d\u2019aliment ou de boisson doit se faire \u00e0 l\u2019ext\u00e9rieur des salles.<\/li>\n<li>Dans la mesure du possible, tentez d\u2019a\u00e9rer la salle entre deux participants.<\/li>\n<li>Si vous utilisez une mentonni\u00e8re, placez du papier essuie-tout sur la mentonni\u00e8re, ou du film alimentaire, avant chaque nouvelle passation.<\/li>\n<\/ul>\n<\/section>\n<section id=\"d\u00e9roulement-des-exp\u00e9rimentations\" class=\"level2\">\n<h2 class=\"anchored\" data-anchor-id=\"d\u00e9roulement-des-exp\u00e9rimentations\">6. D\u00e9roulement des exp\u00e9rimentations<\/h2>\n<ul>\n<li>Chaque salle contient un ordinateur pour les passations. Pour s\u2019y connecter, utiliser le compte Utilisateur, le mot de passe se trouve sur un autocollant en bas de l\u2019\u00e9cran et correspond aux caract\u00e8res alphanum\u00e9riques situ\u00e9s \u00e0 droite du logo du laboratoire EMC.<\/li>\n<li>Avant l\u2019utilisation des salles exp\u00e9rimentales, votre exp\u00e9rience doit \u00eatre pr\u00eate et copi\u00e9e sur une cl\u00e9 USB.<\/li>\n<li>Sur l\u2019ordinateur qui lui aura \u00e9t\u00e9 attribu\u00e9, chaque exp\u00e9rimentateur devra cr\u00e9er un dossier \u00e0 son nom dans le dossier Documents et y d\u00e9poser la totalit\u00e9 de ses fichiers d\u2019exp\u00e9rimentation. Tous les fichiers ne figurant pas dans un dossier d\u2019exp\u00e9rimentation sont susceptibles d\u2019\u00eatre supprim\u00e9s sans pr\u00e9avis.<\/li>\n<li>Apr\u00e8s chaque journ\u00e9e d\u2019exp\u00e9rimentation (voire plus souvent), les exp\u00e9rimentateurs feront une sauvegarde de toutes leurs donn\u00e9es d\u2019exp\u00e9rimentation sur cl\u00e9 USB.<\/li>\n<li>Les ordinateurs des salles d\u2019exp\u00e9rimentation sont \u00e9quip\u00e9s de logiciels d\u2019exp\u00e9rimentations (e.g., Psychopy, OpenSesame, DMDX). Aucun logiciel suppl\u00e9mentaire ne peut \u00eatre install\u00e9 sur les ordinateurs par les exp\u00e9rimentateurs.<\/li>\n<li>Si vous souhaitez utiliser un autre logiciel pour la passation de votre exp\u00e9rience, contactez directement <a href=\"mailto:emc.sallesxp@univ-lyon2.fr\">emc.sallesxp@univ-lyon2.fr<\/a>.<\/li>\n<\/ul>\n<\/section>\n<section id=\"recrutement-des-participants-et-passations\" class=\"level2\">\n<h2 class=\"anchored\" data-anchor-id=\"recrutement-des-participants-et-passations\">7. Recrutement des participants et passations<\/h2>\n<ul>\n<li>Par principe d\u2019\u00e9thique, il est interdit de renvoyer un participant parce qu\u2019il ne remplit pas les crit\u00e8res d\u2019inclusion de votre \u00e9tude.<\/li>\n<li>Vous devez faire signer en double exemplaire le \u201cFormulaire de consentement du laboratoire EMC\u201d par le participant, et uniquement celui-ci.<\/li>\n<li>Vous devez suivre scrupuleusement les indications de ce formulaire, en particulier donner au participant toutes les informations r\u00e9pertori\u00e9es.<\/li>\n<li>Vous devez conserver un exemplaire de chaque formulaire sign\u00e9 pour les remettre \u00e0 votre responsable apr\u00e8s la fin de l\u2019exp\u00e9rience.<\/li>\n<li>Le participant doit conserver son formulaire.<\/li>\n<\/ul>\n<\/section>\n","protected":false},"excerpt":{"rendered":"<p>La pr\u00e9sente charte des exp\u00e9rimentations au laboratoire EMC pr\u00e9cise les modalit\u00e9s d\u2019exp\u00e9rimentation, de r\u00e9servation et d\u2019utilisation des salles et du mat\u00e9riel d\u2019exp\u00e9rimentation au sein du laboratoire EMC. En cas de probl\u00e8me ou de question, n\u2019h\u00e9sitez pas \u00e0 demander des compl\u00e9ments d\u2019information par courriel \u00e0 l\u2019adresse suivante : emc.sallesxp@univ-lyon2.fr. 1. Salles exp\u00e9rimentation Le laboratoire EMC dispose &#8230; <a title=\"Charte des exp\u00e9rimentations au laboratoire EMC\" class=\"read-more\" href=\"https:\/\/labo-emc.org\/reservation\/reglement\/\" aria-label=\"En savoir plus sur Charte des exp\u00e9rimentations au laboratoire EMC\">Lire la suite<\/a><\/p>\n","protected":false},"author":1,"featured_media":0,"parent":0,"menu_order":1,"comment_status":"closed","ping_status":"open","template":"","meta":{"footnotes":""},"class_list":["post-2","page","type-page","status-publish"],"_links":{"self":[{"href":"https:\/\/labo-emc.org\/reservation\/wp-json\/wp\/v2\/pages\/2","targetHints":{"allow":["GET"]}}],"collection":[{"href":"https:\/\/labo-emc.org\/reservation\/wp-json\/wp\/v2\/pages"}],"about":[{"href":"https:\/\/labo-emc.org\/reservation\/wp-json\/wp\/v2\/types\/page"}],"author":[{"embeddable":true,"href":"https:\/\/labo-emc.org\/reservation\/wp-json\/wp\/v2\/users\/1"}],"replies":[{"embeddable":true,"href":"https:\/\/labo-emc.org\/reservation\/wp-json\/wp\/v2\/comments?post=2"}],"version-history":[{"count":7,"href":"https:\/\/labo-emc.org\/reservation\/wp-json\/wp\/v2\/pages\/2\/revisions"}],"predecessor-version":[{"id":5832,"href":"https:\/\/labo-emc.org\/reservation\/wp-json\/wp\/v2\/pages\/2\/revisions\/5832"}],"wp:attachment":[{"href":"https:\/\/labo-emc.org\/reservation\/wp-json\/wp\/v2\/media?parent=2"}],"curies":[{"name":"wp","href":"https:\/\/api.w.org\/{rel}","templated":true}]}}